
0
Let o = -6 - -29. What is the remainder when o is divided by 13?
10
Let g(u) = -u. Suppose -2*r + 20 = 2*r. Let t = r - 3. Calculate the remainder when t is divided by g(-2).
0
Suppose 3*m + 3*m = 18. Suppose -4*h + 0*q + 63 = -m*q, 0 = 5*h + 5*q - 35. What is the remainder when 46 is divided by h?
10
Suppose 2*h + 14 = -2*i, 2*h - 1 + 24 = i. Let y be (-47)/5 - 4/h. Let z = y - -16. What is the remainder when 12 is divided by z?
5
Suppose 2*z - 21 = 17. Let m = -15 - -22. Calculate the remainder when z is divided by m.
5
Let i = -6 + 10. Suppose -5*q = -3*m - 2*q + 33, i*q = m - 26. Suppose -14 = -2*v - 2*b, -5*v = 4*b - 16 - 16. Calculate the remainder when m is divided by v.
2
Let p be (16/(-2))/((-8)/28). Suppose -4*y = -0*y - p. Let z = y + 2. Calculate the remainder when 17 is divided by z.
8
Suppose -3*u + 23 = 2*w, w - 6 = -2*u + 11. Calculate the remainder when 74 is divided by u.
8
Suppose 2*p - 26 = -h, -3*p - 49 = -h - 3*h. Let j = -12 - -42. Calculate the remainder when j is divided by h.
14
Let b = -16 + 81. Calculate the remainder when b is divided by 22.
21
Suppose 1 = q - 7. Calculate the remainder when 23 is divided by q.
7
Let a(p) = -p**3 + 2*p**2 - 2*p - 3. Let t be a(3). Let m = 31 + t. Let n = -8 + m. Calculate the remainder when 9 is divided by n.
4
Let c = 23 - -2. Calculate the remainder when c is divided by 9.
7
What is the remainder when 55 is divided by 2/(-9) - 692/(-36)?
17
Suppose 4*s - 27 = z + 2, 5*z + 25 = 5*s. What is the remainder when 19 is divided by 1*s + 4 + -1?
8
Suppose 0 = -l - t + 3*t, 0 = -5*l - 5*t - 30. What is the remainder when 9/(0 - 3)*l is divided by 5?
2
Let u(l) = 2*l + 2*l - 23 - 3*l. Let i be u(0). Let h = -16 - i. Calculate the remainder when h is divided by 3.
1
Let z(n) = 2*n**2 + 2*n - 7. Let p be z(-5). Suppose -5*o - p = -5*a + 17, o - 5 = 0. Calculate the remainder when 27 + 4/2 + -4 + 4 is divided by a.
14
Let s = 47 - 26. Calculate the remainder when s is divided by 12.
9
Let p be 130 + (-2 - -2)/2. Suppose j + p = 3*j. Calculate the remainder when j is divided by 22.
21
Let h be 24/30 + 2/10. Calculate the remainder when 3*69/9*h is divided by 12.
11
Let y be ((-18)/4)/((-6)/8). Let q = y - 4. Suppose q = x - 0. What is the remainder when 5 is divided by x?
1
Let k(v) = 31*v + 3. Let n(t) = -15*t - 2. Let g(y) = -4*k(y) - 9*n(y). Calculate the remainder when g(5) is divided by 16.
13
Let w(d) = 2*d**2 - 2*d - 1. Let v be w(2). Suppose -v*q - 2*q + 175 = 0. What is the remainder when q is divided by 9?
8
Suppose 3*y + 14 = 4*n + 5, n - 31 = -5*y. Let l = 63 + -42. What is the remainder when l is divided by n?
3
Calculate the remainder when 50 is divided by (-2)/(-6) + 76/6.
11
What is the remainder when 10 is divided by (-18)/(-4) + (-1)/(-2)?
0
Let d = 39 + -30. What is the remainder when 34 is divided by d?
7
What is the remainder when (0 - 3/6) + (-1036)/(-8) is divided by 22?
19
Let j = 37 - 22. Calculate the remainder when 29 is divided by j.
14
Let q = -54 - -138. Calculate the remainder when q is divided by 17.
16
Let l = 46 - 47. Let w = -5 - -7. What is the remainder when 2 is divided by -1 + (w - (l + 0))?
0
Suppose -2*t + 6 = 2*a, 10 = 5*a - t - 23. Suppose -5*v = -2*w + a*w - 69, 59 = 4*w + 3*v. What is the remainder when 20 is divided by w?
9
Let n(a) = -a**2 + 16*a + 4. Calculate the remainder when 205 is divided by n(4).
49
Let i = 0 + 3. Suppose -25 = 2*y + i*y. Calculate the remainder when ((-14)/y)/(2/10) is divided by 8.
6
Suppose 4*z + 4*x = 3*z + 43, 0 = -z + 4*x + 59. What is the remainder when z is divided by 13?
12
Suppose 0 = j - 0*j - 16. What is the remainder when 31 is divided by j?
15
Suppose h - 6*h + 150 = 5*i, 0 = 3*h - 12. Calculate the remainder when 99 is divided by i.
21
Suppose -2*r + 4*r = 4*s - 12, s - 5*r + 15 = 0. Calculate the remainder when 1/2*(-1 + 27) is divided by s.
3
Let b = 4 + 17. Suppose r - 4*k = b, -3 + 15 = -3*k. Suppose d = 2*f + f + 18, 0 = 5*d + r*f - 30. Calculate the remainder when d is divided by 5.
4
Let k = -1 - -9. Calculate the remainder when (-1 - (-1 - 0)) + 31 is divided by k.
7
Let m(u) = 35*u - 4. What is the remainder when m(2) is divided by 23?
20
Calculate the remainder when 6/(434/252 + 3/(-2)) is divided by 8.
3
Suppose -w - w - 6 = 0, 2*p - 3*w - 19 = 0. Suppose h = p*h - 80. Let c = 237 + -199. Calculate the remainder when c is divided by h.
18
Let f(b) = -b**2 + 11*b + 13. Let g be f(12). Suppose 0 = 4*c + 8, 9 - 1 = 3*j + 2*c. Let k = g + j. What is the remainder when k is divided by 3?
2
Let u(q) = 4*q**2 - 4*q. Calculate the remainder when u(5) is divided by 17.
12
Let y = -6 + 7. Let i = y + 15. What is the remainder when 30 is divided by i?
14
Let w(q) = -q**3 + 11*q**2 - 3*q + 1. Let o be w(9). Suppose 5*d = -4*r + 314, -2*r + 6 = -5*d - o. Calculate the remainder when r is divided by 26.
24
Let s = -30 - -44. Let y = s - 21. Let f = 15 + y. Calculate the remainder when 15 is divided by f.
7
Suppose 46 = 5*f - 4*b, -2*f + 3*b - 8*b - 8 = 0. Let j(v) = -v + 9. Calculate the remainder when j(-7) is divided by f.
4
Let z = -4 - -85. Calculate the remainder when z is divided by 21.
18
Suppose -72 = -3*k + 6. Calculate the remainder when 257 is divided by k.
23
Let x(b) be the second derivative of -3*b**4/8 + 5*b**2/2 - 5*b. Let m(p) be the first derivative of x(p). Calculate the remainder when 24 is divided by m(-1).
6
Let l(n) = n**2 + n + 2. What is the remainder when 87 is divided by l(-5)?
21
Let a(s) = s**2 - 2*s - 3. Let y be a(-2). Suppose 14 - 49 = y*q. Let o(h) = -h + 5. Calculate the remainder when 23 is divided by o(q).
11
Let p = 8 + -5. Suppose -2*b = -8, -23 = -4*u - p*b + 185. Let i = -18 + 31. Calculate the remainder when u is divided by i.
10
Suppose -3*m - 5*k + 116 = 0, m - 3*m + k + 60 = 0. Calculate the remainder when 91 is divided by m.
27
Suppose 3*p - 4*u + 11 = 0, 5*p + 4*u - 3*u - 20 = 0. What is the remainder when 33 is divided by p/(-3 - 54/(-17))?
16
Suppose -n - 11 = -4*l - 46, 4*n - l = 80. Let h be 2*45 + 2 + -4. Let v = h + -52. What is the remainder when v is divided by n?
17
Suppose 3*o - 76 = -o. Suppose -3*h = -p - 2, -p + 3*h = -h + 5. Calculate the remainder when o is divided by p.
5
Calculate the remainder when (5 - 15/5)/((-2)/(-151)) is divided by 38.
37
Let g = 127 + -73. Suppose -g = -0*v - 3*v. Calculate the remainder when 34 is divided by v.
16
Suppose 2*t = -2*t + 16. Let l = 5 + t. What is the remainder when 2/5 + 166/10 is divided by l?
8
Let k(c) be the first derivative of 2*c**3/3 - 3*c**2/2 - 3*c + 4. Calculate the remainder when 41 is divided by k(-2).
8
Let m be (-1)/(2*(-3)/90). Calculate the remainder when ((-4)/(-6))/(2/12) is divided by 50/m + (-2)/6.
1
Let j be (-8)/(-12)*(-378)/(-4). Calculate the remainder when (-2)/9 - (-392)/j is divided by 5.
1
Calculate the remainder when 17 is divided by 4/10 - 215/(-25).
8
Suppose 4*j - 5 = -p, -p = 2*j - 4*p + 1. Let z = 18 - j. What is the remainder when z is divided by 9?
8
Calculate the remainder when 275 is divided by (-4 + 6)/(-1*(-2)/46).
45
Suppose 217 + 8 = -5*k. Let x = -30 - k. What is the remainder when 43 is divided by x?
13
Suppose 0 = 5*q + 5*a - 71 - 139, -5*q + a = -210. What is the remainder when 122 is divided by q?
38
Let u = 7 + -6. Let f be (4 - 3) + u/1. Suppose 0 = 2*a - 4*t - 34, 6*a = f*a - 4*t + 80. Calculate the remainder when a is divided by 10.
9
Suppose -5*h = -4*p + 125, -58 = -2*p + 2*h + 2*h. Let w = 1 - 0. Let g(c) = 13*c**2 - c. Calculate the remainder when p is divided by g(w).
11
Let o = -29 + 43. Suppose 5*b - o = 4*b. Calculate the remainder when b is divided by (-20)/(-6)*(-6)/(-4).
4
Let f(b) = -b**3 + 7*b**2 + 4*b + 9. Let d = 5 + 13. Calculate the remainder when f(6) is divided by d.
15
Suppose 1 = 5*d - 2*d - 2*f, -5*f = 3*d + 13. Calculate the remainder when 43 is divided by (-1 - (d + -2)) + 9.
10
Let d(t) = -t**3 + 7*t**2 + 12*t - 11. Let j(o) = -o**3 - 5*o**2 - 5*o + 4. Let p be j(-4). What is the remainder when d(p) is divided by 6?
3
Let m(x) = x**3 - 14*x**2 + 18*x - 33. What is the remainder when m(13) is divided by 18?
14
Let i = 9 - -2. Let j be 1/((-2)/36) - -1. Let w = 4 - j. What is the remainder when w is divided by i?
10
Suppose 2*y +